9504. What is the remainder when v is divided by 21?
7
Let j(g) be the first derivative of -7*g**2 + 19*g + 10. Let b be j(6). Let x = 75 + b. Calculate the remainder when 49 is divided by x.
9
What is the remainder when (-2788)/102*(-283 - 5)*2/6 is divided by 1310?
4
Let s(r) = -3*r**3 - 13*r**2 - 6*r + 12. Suppose -q = -20 - 4. What is the remainder when s(-5) is divided by q?
20
Calculate the remainder when 1126 is divided by (5*12/(-70))/((-3905)/(-560) - 7).
6
Suppose -7*x = -436 - 251 - 286. What is the remainder when 358 is divided by x?
80
Let t(s) = 24*s + 93. Let m(f) = f - 3. Let n(w) = -2*m(w) + t(w). What is the remainder when 559 is divided by n(-4)?
9
Suppose -9*n = -3*n + 588. Let c(b) = -b**3 - 9*b**2 - 8*b + 17. Let i be c(-5). Let q = i - n. What is the remainder when q is divided by 15?
10
Let i(v) = -v**2 - 3*v - 3. Let x be i(-3). Let f(k) = k**2 - 2*k - 10. Let p be f(x). Suppose -804 = -u - p*u. What is the remainder when u is divided by 34?
32
Let i(z) = -6*z**3 - 2*z + 232. Calculate the remainder when i(0) is divided by 79.
74
Let c = 279 - 142. Let q = 989 - 979. What is the remainder when c is divided by q?
7
Let i = 1940 - 1844. Calculate the remainder when 491 is divided by i.
11
Let p = 17 - 5. Suppose 3*r - 102 = -p. Let h = 21559 - 21543. What is the remainder when r is divided by h?
14
Let b = -660 + 1110. Suppose -5*q + b - 45 = 0. What is the remainder when q is divided by 16?
1
Let i(b) = 50*b - 16. Let w be i(2). Suppose -153*v = -147*v - w. Calculate the remainder when 82 is divided by v.
12
Calculate the remainder when (-139 - 0)/(44/16 + -3) is divided by 93.
91
Suppose i - 1298 = -3*i - 7*i. Calculate the remainder when 1290 is divided by i.
110
Let v = 9762 + -9750. What is the remainder when 95 is divided by v?
11
Suppose -68*o = -74*o + 18. Suppose -4*b - 2*z + 944 = -7*z, -o*b + 708 = -2*z. Calculate the remainder when b is divided by 12.
8
Let s(m) = -5*m - 35. Let r be s(-6). What is the remainder when 264/7 - (-26)/91 is divided by (r - -2)*14/(-2)?
17
Let h(w) = -w**3 - 4*w**2 + 6*w + 13. Let v be h(-4). Let r(z) = -z**2 - 12*z + 2. What is the remainder when 34 is divided by r(v)?
8
Let k(f) = -f**3 - 17*f**2 - 22*f - 13. Calculate the remainder when k(-16) is divided by 93/(-155) + (-286)/(-10).
27
Let m = 2238 - 2106. Calculate the remainder when m is divided by 39.
15
Let l = 134 - 66. Let c(n) = n**3 + 15*n**2 - 10*n - 318. Calculate the remainder when l is divided by c(-14).
14
Let u = -8 + -4. Let j be (u - -12) + (-2)/(-1). Suppose 5*b = -j*x + 32, x - 2*x + 4*b + 3 = 0. Calculate the remainder when x is divided by 6.
5
Let k(c) = 2*c**2 + 2*c - 680. What is the remainder when k(-25) is divided by 38?
26
Let i(l) = -7*l - 50. Let n be i(-7). Let u(t) be the second derivative of 5*t**4/6 - t**3/3 - t**2 + 4*t. Calculate the remainder when 38 is divided by u(n).
8
Let s(a) = -208*a + 44. What is the remainder when s(-39) is divided by 16?
12
Suppose -5*j + 2140 = 3*h, -3*h = -2*j - 0*h + 877. Calculate the remainder when j is divided by 27.
26
Let o(u) = -16*u + 95. Let m(d) = -5*d + 32. Let l(r) = 17*m(r) - 6*o(r). Calculate the remainder when 54 is divided by l(3).
5
Suppose -2573 = -5*a - 3*j - 465, -12*a + 5034 = 3*j. Calculate the remainder when a is divided by 147.
124
Let p(u) = u**2 - 121*u - 594. Calculate the remainder when 789 is divided by p(-5).
33
Suppose 54 = 4*b - b. Suppose 2*y = -0*y + b. What is the remainder when -2 + 10 - 11/((-44)/108) is divided by y?
8
Suppose -14*m + 15 = -11*m. Suppose -4*b = -4*t + 536 + 1340, -3*b = m*t - 2377. What is the remainder when t is divided by 28?
25
Suppose 3*w + 12 = -3*i, -2*i = 4*w + 13 + 3. Suppose 5*d - 3*d + 4*a - 66 = i, 2*d + a - 51 = 0. What is the remainder when 92 is divided by d?
0
Let a = 25237 - 24548. What is the remainder when a is divided by 191?
116
Suppose 109*j = -34*j + 33054 + 486894. What is the remainder when j is divided by 1809?
18
Suppose 0 = m + v - 3*v - 15, 71 = 4*m + 3*v. Let d(p) = -p**3 + 17*p**2 + p + 13. What is the remainder when 118 is divided by d(m)?
28
Let o = 878 - 776. What is the remainder when 57 is divided by 3638/o - (-15)/(-9)?
23
Let c = -37 - -40. Suppose -w + 156 = c*a - 6*a, 0 = -4*a - w - 208. What is the remainder when 79 is divided by (a/(-91))/((-1)/(-28))?
15
Let y(q) = -q**3 + 16*q**2 + 5*q - 57. Let z be y(16). Suppose 3196 = z*j - 6*j. What is the remainder when j is divided by 62?
2
Suppose -355*y - 280 = -365*y. What is the remainder when 467 is divided by y?
19
Let z(x) = -x**2 - 42*x + 52. Suppose 559 = 11*a - 24*a. Suppose 5*m - 121 = 139. Calculate the remainder when m is divided by z(a).
7
Let c(a) = 2*a**2 + 74*a + 691. What is the remainder when c(-10) is divided by 60?
31
Suppose -37*v + 4612 = 1652. What is the remainder when v is divided by 55?
25
Suppose -35 = -2*n + 98 + 21. Calculate the remainder when n is divided by 3.
2
Suppose 60*y = 10*y + 20550. Suppose 29 = 8*b - y. Calculate the remainder when b is divided by 10.
5
Let c(u) = -98*u**2 + 0*u + 13 + 99*u**2 - 5*u + 10. Let i be c(12). Suppose 2*b + 3*h - i = 0, -3 = -h + 2. What is the remainder when b is divided by 6?
4
Let z(c) = 4*c - 47. Let l(y) = 4*y - y + 93 + 2 - 11*y. Let f(u) = 6*l(u) + 13*z(u). What is the remainder when f(16) is divided by 12?
11
What is the remainder when (156/10)/((-60)/(-2550)) is divided by 37?
34
Suppose 5*l = y + 621, -2*y = -59*l + 56*l + 360. Calculate the remainder when 803 is divided by l.
47
Let d(k) = 438*k - 5142. Calculate the remainder when d(30) is divided by 4.
2
Let y be (-7 + 0/(-1))/(5/(-35)). Let m(u) = 16 - y*u**2 + u**3 + 18*u**2 + 18*u**2 - 7*u + 29*u**2. What is the remainder when m(-16) is divided by 33?
29
Let z = 587 - 581. Let n be 4/(-10)*(-2 + -138). Let l = n + -38. Calculate the remainder when l is divided by z.
0
Suppose 2*x - 286 = -5*l, 0*x + x = -2*l + 115. Let t = l + -27. Let w(g) = -1690*g + 65920. What is the remainder when t is divided by w(39)?
9
Let y(v) = v**3 + 10*v**2 + 10*v - 5. Let b = 2152 - 2130. Calculate the remainder when y(-8) is divided by b.
21
Let d(g) = -269*g + 13275. Let r = 25 + -9. Calculate the remainder when d(49) is divided by r.
14
Let o be ((-471)/4)/((-64)/512). Suppose 940*g = o*g - 16. Calculate the remainder when 82 is divided by g.
2
What is the remainder when 132 is divided by 13 + (-11732)/(-140) + (-4)/5?
36
Let x = 216 - 220. What is the remainder when 56 is divided by (-452)/(-28) + -1 + x/28?
11
Let k(f) = f. Let b = -18382 + 19036. Calculate the remainder when b is divided by k(8).
6
Let l = -277 - -245. Let h(c) = -c**3 - 6*c**2 - c - 3. Calculate the remainder when l/(-7) + (-12)/(-28) - -20 is divided by h(-6).
1
Let r(x) = -x**2 - 14*x - 13. Let u = 148 - 59. Calculate the remainder when u is divided by r(-9).
25
What is the remainder when -4 - (-25 - -9 - 308) is divided by 29?
1
Suppose -125*j = -137*j + 24. Let d be 3/(-1)*(-64)/6. Suppose -d - 32 = -j*i. What is the remainder when 126 is divided by i?
30
Let k(a) = 21*a + 51. Let u be k(5). Calculate the remainder when 154 is divided by u/9*18/24.
11
Let g be 4 - ((-2)/(-12) - (-687)/(-18)). Suppose -324 = -g*y + 15*y. Calculate the remainder when y is divided by 10.
2
Suppose 7*f - 29 - 29 = -2. What is the remainder when 1311 is divided by f?
7
Suppose -43*v + 47*v = 148. Let y(q) = -q**2 + 20*q - 12. What is the remainder when v is divided by y(19)?
2
Suppose -52*a + 60*a - 600 = 0. Calculate the remainder when 513 is divided by a.
63
Suppose 7*x - 5*l = 227, 5*x + 4*l = 91 + 109. What is the remainder when 57 is divided by x?
21
Suppose 2*a - 10 = 12*a. Let l(g) = g**3 - g**2 - 4*g - 1. Let o be l(a). What is the remainder when 28 is divided by (-2)/(o/4 + (-102)/216)?
1
Suppose -m - 982 - 18 = 0. Let t = m + 1011. Suppose 2*j + d = 47, -3*j + 107 - 34 = d. Calculate the remainder when j is divided by t.
4
Let l = 25913 + -24673. What is the remainder when l is divided by 80?
40
Let k be (6 - 2)*(9/(-1) + 10). Suppose -m = -0*m - 2*w - 2, -k*m - 5*w = -47. Calculate the remainder when m is divided by 4.
0
Let h = 2007 + -1848. What is the remainder when h is divided by 2 - -21 - (-2 + 5)?
19
Suppose -17087 = -10*l - 1147. What is